-11)?
7
Suppose -2*l + 3*t - 19 = 0, -l - 2*l + 2*t = 21. Let j(p) = -p + 19. Let u(i) = 3 - 3*i + 7 + 5*i - 3*i. Let s(m) = -4*j(m) + 7*u(m). What is s(l)?
9
Suppose 4*h = 7*y - 4*y - 30, -y + 12 = -2*h. Let z be 14/y + 1/(-3). Let v(w) = 1 - z - 2 + 5*w - 2*w**2. Calculate v(3).
-6
Let f = 13 - 10. Suppose -7*z = -2*z + 20, 5*x - f*z = 32. Let y(u) = 4 + x*u + 9 - 3*u. Determine y(-6).
7
Suppose 0 = -0*v - 6*v + 36. Let f(x) = v*x - 1 - 5*x - 2*x**2 - 2 + 1. Give f(-2).
-12
Let r(f) = -2*f**2 - 33*f + 80. Let t(u) = -u**2 - 15*u + 40. Let w(d) = -2*r(d) + 5*t(d). Give w(-12).
4
Let d(s) = -4*s + 39. Let q = -256 - -264. Determine d(q).
7
Let i(f) = -7*f**2 + f - 4. Let o(l) = -4*l**2 - 2. Let x(p) = -p**2 + 12*p + 10. Let j be x(13). Let u(c) = j*i(c) + 5*o(c). Determine u(5).
12
Suppose 5*t = 4*y - 30, -4*y + 24 = -5*t + 3*t. Let j(o) = 2*o**2 - 4*o - 7. Let p(q) = 2*q**2 - 4*q - 8. Let n(v) = t*p(v) + 3*j(v). Determine n(4).
11
Let b(l) = -2*l**3 + 10*l**2 + l + 3. Let z be b(5). Let y = z - 13. Let f(c) = 5. Let x(v) = -v - 1. Let k(o) = f(o) - x(o). What is k(y)?
1
Let k = -47 - -37. Let g(i) = i**2 + 9*i - 7. Give g(k).
3
Suppose -3 - 60 = -7*v. Let k(d) = -d**2 + 14*d + 5 - 16*d + v*d - 3. What is k(8)?
-6
Let h = 1507 + -1490. Let r(s) = 2*s - 33. Calculate r(h).
1
Let u(v) = 17 - 24*v + 24*v + 4*v. Calculate u(-6).
-7
Let w = 732 - 732. Let g(x) = -2*x - 6. Calculate g(w).
-6
Let b be 19/4 + 1/4. Let x(v) = -13*v + 4. Let i(g) = 16*g - 3. Let p(f) = -4*i(f) - 5*x(f). Calculate p(b).
-3
Let p(s) = -s. Let b(g) = 6*g - 1. Let u = 18 - 16. Let j(z) = u*b(z) + 10*p(z). Determine j(2).
2
Let q(x) be the second derivative of -x**6/120 + x**5/15 + x**4/3 - 2*x**3/3 - 11*x**2/2 + 10*x. Let b(g) be the first derivative of q(g). Give b(5).
11
Let z(c) be the second derivative of c**5/10 + 13*c**4/12 - 11*c**3/6 - 23*c**2/2 + 14*c - 11. What is z(-7)?
5
Let w(p) = 11*p - 1. Let y(i) = -15*i + 2. Let o(t) = -4*w(t) - 3*y(t). What is o(-3)?
-5
Suppose -2*k = -13*k + 165. Let d(v) = 15 + v - k. What is d(-6)?
-6
Let c(g) = 0*g**2 - 6*g**2 - 5*g**2 + 2*g - 5 + 4*g**2 + 8*g**2. What is c(-4)?
3
Suppose -3*j - 21 = -2*j. Let p = 20 + j. Let a(h) = 0*h - 5*h**2 - 2*h + 2*h + 1. Calculate a(p).
-4
Let a(v) = -v**2 - 4*v - 5. Suppose -62*q - 164 = -21*q. Calculate a(q).
-5
Let w(f) = 6*f + 7. Let j(x) = -7*x + 21. Let y be j(4). Calculate w(y).
-35
Let j(r) = -r**2 + 10*r - 12. Suppose -5*i = 0, -4*i = -d - 5 + 14. What is j(d)?
-3
Let a(p) = -5*p - 3. Let u be 2 + -2*3*3/18. Calculate a(u).
-8
Let b(w) = w**3 - 2*w**2 + w - 1. Let z(n) = -3*n**3 - n**2 - n. Suppose -3*l + 7 = 4. Let c = -2 + l. Let k be z(c). Determine b(k).
11
Let k = 14 + -10. Let m(l) = -292*l**2 - 3 + k + 288*l**2. Calculate m(-1).
-3
Let u = -4069/2 + 2035. Let r(y) be the second derivative of -7/2*y**2 - 1/20*y**5 - 11*y - 5/6*y**3 + 0 + u*y**4. Give r(5).
-7
Let w(c) = -c**2 + 6*c - 4. Let d be w(6). Let o be (20 - 19) + 8/(-2). Let h(m) = -2*m - 4. Let r(a) = -2*a - 4. Let y(q) = o*h(q) + 2*r(q). Calculate y(d).
-4
Let y(t) = t**3 + 10*t**2 + 7*t - 5. Let x = -234 + 145. Let p = x + 80. Determine y(p).
13
Let i(y) = -7*y - 1. Let j(a) = 19*a + 2. Let d(r) = 11*i(r) + 4*j(r). Give d(1).
-4
Let p(r) be the second derivative of -r**4/12 + 2*r**3/3 + 3*r**2 - 23*r + 10. Let v = 4 - -3. Determine p(v).
-15
Let j = 1 + -1. Let p(d) = j + 5 - 5 - 2*d. Calculate p(3).
-6
Let w(j) = -j**2 - 2. Suppose 3*h + 12 = 4*s - s, h + 16 = 5*s. Suppose -s*m = 5*i + 20, 4*i - 8 + 24 = 2*m. Determine w(m).
-2
Let d(p) = -p**3 + p**2 + p + 4. Let o be (-124)/(-6) - 4/(-12). Let v = 21 - o. Suppose v*w = 5*w. Determine d(w).
4
Let q(j) be the first derivative of j**4/4 - 8*j**3/3 + 7*j**2 - 15*j + 468. What is q(6)?
-3
Let c(m) be the first derivative of -m**2/2 - 7*m + 1. What is c(-4)?
-3
Let m(n) = 203*n + 7 + 246*n - 446*n. Give m(0).
7
Let s = 44 - 31. Suppose -2*g + 3 = -s. Let m(p) = -6 + g - 2*p + 0 - 3. What is m(5)?
-11
Suppose g = 7*g - 36. Let y(v) be the third derivative of v**4/12 - v**3 + 14*v**2. Determine y(g).
6
Let i = 244 + -251. Let d(k) = 3*k + 22. Give d(i).
1
Let u(g) be the third derivative of 5/6*g**3 + 39*g**2 - 1/24*g**4 + 1/20*g**5 + 1/120*g**6 + 0*g + 0. Give u(-4).
-7
Suppose 3 + 1 = -t. Let o(c) = 67 - 130 + 67 + c. Determine o(t).
0
Let l(a) = a**3 - 87*a - 2 + 2*a**2 + 80*a + 3. Suppose z - 4 = 3*y, 3*z + 13 = 4*y - 2*z. Let v(s) = s**2. Let f(c) = y*v(c) - l(c). Determine f(-6).
-7
Let m(q) = q**3 - 4*q**2 - 4*q - 6. Let o be (1/(-2))/((-2)/32). Suppose 0 = -3*n - 5*t + 57 + o, -4*n = -5*t - 110. Suppose -6*g + g + n = 0. Calculate m(g).
-1
Let x(t) = 15*t - 6. Let r(w) = 5*w - 2. Let m(z) = -17*r(z) + 6*x(z). Suppose -9*a + 13 = -14. Give m(a).
13
Let q(k) = -4 + 7 + 56*k**2 + k**3 - 6*k - 59*k**2. Give q(4).
-5
Let l(t) = -t - 3. Let m be l(-9). Suppose 3*n - 1 = -2*p, -6*p + 4*n - m = -11*p. Let q(j) = -j. Let h(v) = -3*v + 2. Let d(z) = h(z) - 2*q(z). Give d(p).
0
Let x(z) be the second derivative of z**4/12 + z**3/6 + z**2/2 + 3*z. Let j(t) = t**2 + 3*t + 7. Let s be j(4). Let b be (-1)/(-7) + (-40)/s. What is x(b)?
1
Let a(x) = -x**3 - 2*x**2 - 3*x - 1. Suppose 4*k - 190 = 2*k. Suppose -h - 2*h = -4*i - k, 0 = -5*h - 4*i + 169. Let t = h + -35. Calculate a(t).
5
Let v(k) = 2*k**2 + 14*k. Let j(u) = u**2 + 5*u. Let r(g) = -11*j(g) + 4*v(g). Calculate r(1).
-2
Let u(c) = -c**3 - c**2 - 2*c - 1. Suppose -5*v = 5*v. Let m be u(v). Let b(w) = -16*w**3 - 1. What is b(m)?
15
Suppose 0 = 60*r + 10 + 185 + 165. Let k(u) be the first derivative of -u**3/3 - 3*u**2 + 3*u - 1. What is k(r)?
3
Let g(j) = -j**3 - 7*j**2 + 8*j - 7. Let l be -2 - ((-4)/(-8) + (-11)/(-2)). Give g(l).
-7
Let o(f) = 3*f**3 - 9*f**2 + 3*f - 4. Let j(a) = a**3 - a**2 + a - 1. Let h(w) = 2*j(w) - o(w). Suppose 2*c - 230 = -3*c. Let r = -39 + c. Calculate h(r).
-5
Let r(g) be the third derivative of g**4/8 + 7*g**3/6 + 739*g**2. Give r(2).
13
Let d(g) = -g. Let j(l) = l + 1. Let o(i) = 4*d(i) + 3*j(i). Let z be (-1)/(-1) + 1 + 0. Suppose -z - 10 = -3*t. What is o(t)?
-1
Let l(u) = -47*u - 1. Suppose 0 = -2*h + d - 2, 3*d + 1 = h + 12. What is l(h)?
-48
Let u(k) = k**3 - 2*k**2 - 5*k + 7. Let q be u(3). Let d(r) = -r**3 + 10*r**2 - 4*r**2 - 1 - 5*r**2. What is d(q)?
-1
Let m be 16/2 + 9*14/(-42). Let i(n) be the first derivative of -m - 5/2*n**2 - 3*n. Calculate i(-3).
12
Let a(j) = 32*j - 17. Let s(x) = 21*x - 11. Let w(m) = 5*a(m) - 8*s(m). Let t(v) = -7*v + 4. Let g(c) = -6*t(c) + 5*w(c). What is g(6)?
3
Let o = -106 + 109. Suppose 0 = -s + o, 12*a + 25 = 17*a + 5*s. Let d(k) = k**3 + k**2 - 3*k + 1. Determine d(a).
7
Let a(k) = -749821 - k + 2*k + 749826. Let l be (-2)/(-3)*(-1 - 11). What is a(l)?
-3
Let j(q) = -q**3 - 11*q**2 - 14*q + 28. Let x be j(-9). Let r(p) = p + 8. Determine r(x).
0
Suppose -42 = 2*w - 9*w. Let j(u) = -u**3 + 3*u**2 - u. Let q(f) = f**3 - 4*f**2 + 2*f + 1. Let x(c) = w*q(c) + 5*j(c). Determine x(8).
-2
Let c(x) = 1 - 105*x + 211*x - 108*x - x**2. Give c(-6).
-23
Let w(b) be the second derivative of b**3/6 - 13*b**2/2 - 713*b. Determine w(15).
2
Suppose 0 = 2*k + k - 9. Suppose -2*b - k = -5*b. Let h(z) = 0 - 5*z - z**2 + b + 4*z - 2. Give h(-1).
-1
Let o be (8/12)/((-20)/90). Let j(g) = g + 3. Give j(o).
0
Let n be 40/(-48)*20/(-25)*12. Let y(x) = -x**3 + 8*x**2 + 4*x - 11. Calculate y(n).
21
Let r(l) = 4*l**2 - 13*l + 9. Let z be r(3). Let o(p) = -z - 1 - 5 + 16 - p. Calculate o(10).
-6
Let o = -10 - -13. Let f(z) = 1 - z - 6*z + 4*z - o*z. Suppose -2*i = -a - 3*i - 1, a + 1 = 4*i. Give f(a).
7
Let q(b) be the third derivative of b**6/60 + b**5/30 - b**4/12 - b**3/2 - b**2. Let m = 1184 - 1186. Give q(m).
-7
Let m = 4 - 1. Let o = -13 - -16. Let z(f) = -4*f**2 - 2 - o*f - 3*f + f - f**m - 1. Calculate z(-4).
17
Let b(x) be the third derivative of x**6/360 - x**5/30 - 5*x**4/24 + x**3 - 13*x**2. Let r(i) be the first derivative of b(i). Calculate r(6).
7
Suppose 3*o = -4*p + 5*o - 10, p - 4*o = 8. Let i(l) = l**3 + 3*l**2 - 3*l - 6. Give i(p).
-10
Let q(g) = 4*g + 12. Let z be (-3 - 12)*-1*3/(-9). Give q(z).
-8
Suppose -2*d = -d - 6. Let j(y) = -7*y + 11. Let m(a) be the second derivative of -10*a**3/3 + 16*a**2 + 53*a. Let r(b) = d*m(b) - 17*j(b). What is r(4)?
1
L